{"id":32,"date":"2013-03-07T09:38:28","date_gmt":"2013-03-07T09:38:28","guid":{"rendered":"http:\/\/www.safetycar-kfz.at\/?page_id=32"},"modified":"2013-04-08T08:23:04","modified_gmt":"2013-04-08T08:23:04","slug":"werkstatt","status":"publish","type":"page","link":"https:\/\/www.safetycar-kfz.at\/?page_id=32","title":{"rendered":"Werkstatt"},"content":{"rendered":"<p><a href=\"http:\/\/www.safetycar-kfz.at\/wp-content\/uploads\/2013\/03\/Autowerkstatt_Safetycar1.jpg\"><img loading=\"lazy\" class=\"size-medium wp-image-205 alignright\" title=\"Karosserie - Lackiererei - Autowerkstatt\" alt=\"Karosserie - Lackiererei - Autowerkstatt\" src=\"http:\/\/www.safetycar-kfz.at\/wp-content\/uploads\/2013\/03\/Autowerkstatt_Safetycar1-300x206.jpg\" width=\"300\" height=\"206\" srcset=\"https:\/\/www.safetycar-kfz.at\/wp-content\/uploads\/2013\/03\/Autowerkstatt_Safetycar1-300x206.jpg 300w, https:\/\/www.safetycar-kfz.at\/wp-content\/uploads\/2013\/03\/Autowerkstatt_Safetycar1-160x110.jpg 160w, https:\/\/www.safetycar-kfz.at\/wp-content\/uploads\/2013\/03\/Autowerkstatt_Safetycar1.jpg 800w\" sizes=\"(max-width: 300px) 100vw, 300px\" \/><\/a><\/p>\n<p><strong>Viele Leistungen f\u00fcr alle Automarken.<\/strong><\/p>\n<p>Ob Service, Diagnose, Reparatur, amtliche \u00dcberpr\u00fcfung gem\u00e4\u00df \u00a7 57a oder die fachgerechte Instandsetzung nach einem Unfall &#8211; Safetycar ist in allen Belangen der richtige Ansprechpartner f\u00fcr Sie &#8211; ganz egal, welche Automarke Sie fahren.<\/p>\n<p>Ein kleiner Auszug unserer Leistungen:<br \/>\n&#8211; Klimaanlagenwartung und -desinfektion<br \/>\n&#8211; elektronische Achsvermessung f\u00fcr ein optimales Fahrverhalten<br \/>\n&#8211; Windschutzscheibenreparatur oder -austausch<br \/>\n&#8211; KFZ-Diagnose mit modernsten Ger\u00e4ten am neuesten Stand der Technik<br \/>\n&#8211; Pr\u00fcfstra\u00dfe f\u00fcr \u00a7 57a-\u00dcberpr\u00fcfungen<br \/>\n&#8211; &#8230;<\/p>\n","protected":false},"excerpt":{"rendered":"<p>Viele Leistungen f\u00fcr alle Automarken. Ob Service, Diagnose, Reparatur, amtliche \u00dcberpr\u00fcfung gem\u00e4\u00df \u00a7 57a oder die fachgerechte Instandsetzung nach einem Unfall &#8211; Safetycar ist in allen Belangen der richtige Ansprechpartner f\u00fcr Sie &#8211; ganz egal, welche Automarke Sie fahren. Ein kleiner Auszug unserer Leistungen: &#8211; Klimaanlagenwartung und -desinfektion &#8211; elektronische Achsvermessung f\u00fcr ein optimales Fahrverhalten &#8211; Windschutzscheibenreparatur oder -austausch &#8211; KFZ-Diagnose mit modernsten Ger\u00e4ten am neuesten Stand der Technik &#8211; Pr\u00fcfstra\u00dfe f\u00fcr \u00a7 57a-\u00dcberpr\u00fcfungen &#8211; &#8230;<\/p>\n","protected":false},"author":1,"featured_media":0,"parent":0,"menu_order":0,"comment_status":"open","ping_status":"open","template":"","meta":[],"_links":{"self":[{"href":"https:\/\/www.safetycar-kfz.at\/index.php?rest_route=\/wp\/v2\/pages\/32"}],"collection":[{"href":"https:\/\/www.safetycar-kfz.at\/index.php?rest_route=\/wp\/v2\/pages"}],"about":[{"href":"https:\/\/www.safetycar-kfz.at\/index.php?rest_route=\/wp\/v2\/types\/page"}],"author":[{"embeddable":true,"href":"https:\/\/www.safetycar-kfz.at\/index.php?rest_route=\/wp\/v2\/users\/1"}],"replies":[{"embeddable":true,"href":"https:\/\/www.safetycar-kfz.at\/index.php?rest_route=%2Fwp%2Fv2%2Fcomments&post=32"}],"version-history":[{"count":9,"href":"https:\/\/www.safetycar-kfz.at\/index.php?rest_route=\/wp\/v2\/pages\/32\/revisions"}],"predecessor-version":[{"id":152,"href":"https:\/\/www.safetycar-kfz.at\/index.php?rest_route=\/wp\/v2\/pages\/32\/revisions\/152"}],"wp:attachment":[{"href":"https:\/\/www.safetycar-kfz.at\/index.php?rest_route=%2Fwp%2Fv2%2Fmedia&parent=32"}],"curies":[{"name":"wp","href":"https:\/\/api.w.org\/{rel}","templated":true}]}}